e 6, what is -41 - -24450?
24405
In base 11, what is -3a + -8546?
-8585
In base 4, what is 12 - 3130331?
-3130313
In base 10, what is -138887 + -3?
-138890
In base 3, what is 22121211 + -20?
22121121
In base 6, what is -231105 + 2?
-231103
In base 13, what is -2821c - -19?
-28203
In base 3, what is -1010112 + -102?
-1010221
In base 13, what is -34b8b - -4?
-34b87
In base 14, what is 78 + 2b2?
34a
In base 6, what is -14423 - 10?
-14433
In base 14, what is -4 - -1c0232?
1c022c
In base 4, what is 0 + -31203010?
-31203010
In base 13, what is -c00 + -9c?
-c9c
In base 3, what is 220121 + 10121?
1001012
In base 4, what is 1 - -12320122?
12320123
In base 16, what is 9f8 - -a01?
13f9
In base 4, what is -120 + -100233130?
-100233310
In base 5, what is -12 - -3421120?
3421103
In base 15, what is 1 - 8d3d?
-8d3c
In base 2, what is -1000101101000100101010 + -10?
-1000101101000100101100
In base 9, what is 254 - -58?
323
In base 5, what is 1000 - 4002?
-3002
In base 6, what is 4 - -2121554?
2122002
In base 13, what is -178 - 5017?
-5192
In base 16, what is -11 + -476?
-487
In base 11, what is -532 + -6?
-538
In base 6, what is 10345 + -103?
10242
In base 2, what is -11 + 10010010010011001?
10010010010010110
In base 9, what is 126 + 8?
135
In base 6, what is -54202 - 4?
-54210
In base 10, what is 3 + -81699?
-81696
In base 3, what is 110021000 - 120?
110020110
In base 7, what is -11 + 21661?
21650
In base 16, what is -4 - 3d?
-41
In base 10, what is -8 - -4101?
4093
In base 10, what is 2 + -9523?
-9521
In base 7, what is 5 - 4634454?
-4634446
In base 2, what is -101 + -10101011100101100100?
-10101011100101101001
In base 2, what is 101 + 11100000001100?
11100000010001
In base 16, what is be + -10?
ae
In base 16, what is -cf + 87?
-48
In base 8, what is -160 - 0?
-160
In base 15, what is -819 + c3?
-746
In base 5, what is -13 + -131423?
-131441
In base 11, what is -17414 - -27?
-17398
In base 3, what is -2002002020 - 102?
-2002002122
In base 3, what is -1102122211 + -1?
-1102122212
In base 10, what is -1 + -15037?
-15038
In base 12, what is 1aaa66 - 2?
1aaa64
In base 5, what is -10 - -114043?
114033
In base 6, what is 2 - -112522?
112524
In base 5, what is 21 + 324340?
324411
In base 14, what is 11 - -190d5?
19106
In base 8, what is 1 + 15327?
15330
In base 13, what is -2 + -51ab?
-51b0
In base 7, what is -1141 - 622?
-2063
In base 6, what is -351122 - -203?
-350515
In base 8, what is -266103 - 4?
-266107
In base 16, what is -a + 1cc?
1c2
In base 15, what is -4 - -39332?
3932d
In base 12, what is 142 - 2a51?
-290b
In base 2, what is 100001001010 - 11110?
100000101100
In base 5, what is 2 + 2314221?
2314223
In base 3, what is -2000121 + 112?
-2000002
In base 3, what is -22102112012 - -11?
-22102112001
In base 12, what is -1000 - 105?
-1105
In base 4, what is -1210212013 - -1?
-1210212012
In base 9, what is -13 - 1286?
-1310
In base 16, what is -5 - 8b46?
-8b4b
In base 4, what is -112 - 1110131?
-1110303
In base 4, what is 310 - 1022022?
-1021112
In base 5, what is 14 + 1342100?
1342114
In base 13, what is 5 - 34a86?
-34a81
In base 4, what is -1 - -20020122?
20020121
In base 12, what is 0 + 12963?
12963
In base 10, what is 474 + 1698?
2172
In base 3, what is -220012100201 + 2?
-220012100122
In base 7, what is 4604 - 1424?
3150
In base 16, what is 27b6 - 1?
27b5
In base 5, what is 32 - -3134?
3221
In base 14, what is 908 - -27?
931
In base 9, what is -6358 + -43?
-6412
In base 15, what is -5 + 4a30?
4a2a
In base 6, what is 1310121 - -150?
1310311
In base 12, what is -132b0 + 2?
-132aa
In base 15, what is 8550 - 0?
8550
In base 13, what is 22669 - 3?
22666
In base 8, what is -77 - -21051?
20752
In base 5, what is 1313111 - -1?
1313112
In base 7, what is -514416 + 0?
-514416
In base 2, what is -100 + 111101001001011000?
111101001001010100
In base 16, what is 6c + -1287?
-121b
In base 13, what is 2a + -a58?
-a2b
In base 9, what is 6386 - -1?
6387
In base 11, what is 13 + 6a02?
6a15
In base 5, what is 103 - -2310124?
2310232
In base 5, what is -203214132 + 0?
-203214132
In base 5, what is 1344130103 + -3?
1344130100
In base 3, what is 11 + -212121002?
-212120221
In base 6, what is 5 - 335543?
-335534
In base 9, what is 280120 + 5?
280125
In base 4, what is 23010 + -32?
22312
In base 10, what is -1 - 39977?
-39978
In base 3, what is -2 + 20110111?
20110102
In base 3, what is 122000 + -1200?
120100
In base 14, what is 4 + -54d?
-549
In base 5, what is -234 - 142303?
-143042
In base 12, what is -3 + 3651?
364a
In base 15, what is 1d + -1472?
-1454
In base 3, what is -10100200 + 1112?
-10022011
In base 3, what is -221112 + -11?
-221200
In base 8, what is 4 + -2206727?
-2206723
In base 8, what is -4 - 46060?
-46064
In base 10, what is -80587 + 3?
-80584
In base 10, what is 4 + 272305?
272309
In base 12, what is 4 - 1b3a3?
-1b39b
In base 14, what is 0 - -5da8?
5da8
In base 14, what is 0 - -67411?
67411
In base 5, what is 1241 - 21?
1220
In base 2, what is -1000100 - 1010100110?
-1011101010
In base 15, what is 3 - -28e7?
28ea
In base 10, what is 167 + 338?
505
In base 12, what is 266 + -177?
ab
In base 8, what is -1237 - 3?
-1242
In base 13, what is 6 - 2a73?
-2a6a
In base 15, what is 64 - d26?
-cb2
In base 2, what is 110111001110 - -10001001?
111001010111
In base 9, what is 1783 + 232?
2125
In base 12, what is -2085 + -10?
-2095
In base 5, what is 20 + -400323?
-400303
In base 14, what is -2 + -27b196?
-27b198
In base 14, what is -6dd0 - 1?
-6dd1
In base 12, what is -1886 + -533?
-21b9
In base 13, what is -63 - 203?
-266
In base 13, what is 520 - 237?
2b6
In base 12, what is -a015 - -10?
-a005
In base 6, what is -312214 - 34?
-312252
In base 2, what is 100000 + 110100000?
111000000
In base 16, what is 43 + -17c1?
-177e
In base 6, what is 105404 - 22?
105342
In base 6, what is -224401 + 2?
-224355
In base 4, what is -1020 + -2010231?
-2011311
In base 12, what is 57824 + -16?
5780a
In base 13, what is -913 + 2a?
-8b6
In base 13, what is ca3c + 1c?
ca5b
In base 5, what is -24134 - 1?
-24140
In base 10, what is -17 + 707?
690
In base 3, what is 11 + 100012102?
100012120
In base 11, what is -29071 + 5?
-29067
In base 3, what is -10200022 - 2?
-10200101
In base 9, what is -18 + -16668?
-16687
In base 11, what is 11a9 + -51?
1158
In base 6, what is 22320 + -3?
22313
In base 4, what is 1223220 + 2200?
1232020
In base 4, what is -12010 - 2212?
-20222
In base 12, what is -b - -1010?
1001
In base 7, what is 20 + -6202?
-6152
In base 7, what is -36446435 - -2?
-36446433
In base 8, what is -20672 + 40?
-20632
In base 14, what is -74 + -69?
-dd
In base 13, what is -a + 251?
244
In base 12, what is -2 + 1a7717?
1a7715
In base 16, what is 187404 - -2?
187406
In base 15, what is -45da7 - -3?
-45da4
In base 8, what is 3 + -5056217?
-5056214
In base 4, what is -10 + -13012132?
-13012202
In base 9, what is -616 - 151?
-767
In base 13, what is -25 - a953?
-a978
In base 3, what is -222 - -101212?
100220
In base 7, what is 5460534 - 2?
5460532
In base 7, what is 11 + 164041?
164052
In base 6, what is -10332103 + -10?
-10332113
In base 13, what is ac98 + -3?
ac95
In base 13, what is 1296 - -70?
1336
In base 13, what is -3 - 141380?
-141383
In base 15, what is 5 - -15398?
1539d
In base 13, what is -276 + 38a?
114
In base 14, what is -39ba3 + -4?
-39ba7
In base 8, what is 4 + 72663?
72667
In base 5, what is 10 + 2021340?
2021400
In base 10, what is 271 - 28?
243
In base 15, what is -5e08 - 58?
-5e61
In base 8, what is 106 - 1373?
-1265
In base 7, what is 116655 - -11?
116666
In base 2, what is -111011 + 10111111001?
10110111110
In base 14, what is -4140 + -3?
-4143
In base 15, what is -3 - d7955?
-d7958
In base 9, what is 5 - 636852?
-636846
In base 6, what is -1314 - -15055?
13341
In base 3, what is -212 + -22022002?
-22022221
In base 13, what is -22b7 + -23?
-230a
In base 8, what is 5720 - -124?
6044
In base 3, what is -120102222 - -10?
-120102212
In base 13, what is -29a7 + -13?
-29ba
In base 12, what is -2 - -2b41?
2b3b
In base 7, what is 5 + -5154243?
-5154235
In base 14, what is -378c - 3?
-3791
In base 12, what is 1 + -a25b2?
-a25b1
In base 14, what is 1749 - -a?
1755
In base 11, what is -33 + 4261?
4229
In base 9, what is -20 + 15771?
15751
In base 10, what is -69 - 2023?
-2092
In base 